e 3
2
4 (base 9) to base 15
4
Convert -63 (base 8) to base 15.
-36
Convert -3 (base 16) to base 14.
-3
Convert 223 (base 7) to base 11.
a5
What is 121 (base 3) in base 11?
15
2 (base 7) to base 5
2
What is -404 (base 6) in base 8?
-224
What is 200 (base 7) in base 13?
77
-2 (base 15) to base 2
-10
What is -2021 (base 3) in base 10?
-61
-7 (base 8) to base 11
-7
100 (base 3) to base 10
9
Convert -3 (base 5) to base 8.
-3
2 (base 3) to base 10
2
-1b (base 14) to base 15
-1a
4 (base 12) to base 14
4
Convert 1 (base 10) to base 2.
1
What is 1031 (base 5) in base 15?
96
Convert 10 (base 15) to base 9.
16
Convert -3 (base 6) to base 3.
-10
-1 (base 2) to base 3
-1
Convert 56 (base 7) to base 4.
221
-121 (base 4) to base 16
-19
-2021 (base 4) to base 2
-10001001
-3 (base 5) to base 2
-11
Convert -124 (base 8) to base 4.
-1110
-5 (base 7) to base 12
-5
Convert -71 (base 8) to base 2.
-111001
-35 (base 7) to base 13
-20
-12 (base 11) to base 2
-1101
What is 2 (base 3) in base 6?
2
Convert 1 (base 16) to base 12.
1
Convert -2 (base 16) to base 15.
-2
What is 1010 (base 5) in base 13?
a0
Convert 1 (base 14) to base 4.
1
Convert -82 (base 11) to base 8.
-132
35 (base 16) to base 2
110101
What is 3 (base 12) in base 3?
10
Convert -39 (base 11) to base 2.
-101010
20022 (base 3) to base 6
442
Convert 5 (base 8) to base 10.
5
What is -2 (base 4) in base 9?
-2
Convert 2 (base 15) to base 7.
2
Convert -10010111 (base 2) to base 9.
-177
What is 181 (base 11) in base 16?
d2
3 (base 11) to base 13
3
64 (base 9) to base 2
111010
What is 0 (base 14) in base 12?
0
-21 (base 3) to base 5
-12
What is -1 (base 4) in base 11?
-1
-10 (base 2) to base 4
-2
What is -1 (base 11) in base 15?
-1
3 (base 14) to base 3
10
Convert 121 (base 4) to base 15.
1a
What is 7 (base 14) in base 10?
7
Convert -130 (base 8) to base 11.
-80
Convert 33 (base 10) to base 2.
100001
-12 (base 14) to base 6
-24
-313 (base 7) to base 15
-a7
-11 (base 2) to base 12
-3
Convert 29 (base 13) to base 8.
43
Convert -9 (base 14) to base 8.
-11
-19 (base 15) to base 8
-30
Convert -502 (base 6) to base 8.
-266
What is -25 (base 8) in base 12?
-19
What is 4 (base 12) in base 14?
4
What is 12 (base 14) in base 6?
24
-10 (base 9) to base 14
-9
What is 4 (base 16) in base 13?
4
-433 (base 6) to base 4
-2211
What is 4 (base 10) in base 7?
4
-82 (base 13) to base 8
-152
Convert 65 (base 11) to base 10.
71
Convert 2d (base 15) to base 4.
223
-a1 (base 12) to base 5
-441
What is -1a (base 15) in base 9?
-27
What is -1 (base 5) in base 14?
-1
Convert 4 (base 9) to base 12.
4
What is -6 (base 10) in base 12?
-6
What is 86 (base 13) in base 15?
75
-225 (base 6) to base 4
-1121
Convert 9 (base 14) to base 6.
13
What is -1 (base 3) in base 6?
-1
What is 31 (base 5) in base 14?
12
Convert -56 (base 9) to base 15.
-36
-12 (base 15) to base 13
-14
29 (base 16) to base 3
1112
What is 86 (base 14) in base 16?
76
Convert 2303 (base 4) to base 2.
10110011
What is -16 (base 13) in base 11?
-18
152 (base 8) to base 3
10221
What is 2 (base 6) in base 3?
2
What is -5c (base 15) in base 14?
-63
What is 8 (base 12) in base 16?
8
What is -3 (base 4) in base 13?
-3
-ca (base 15) to base 2
-10111110
107 (base 9) to base 8
130
What is 2 (base 7) in base 9?
2
2 (base 15) to base 2
10
Convert -28 (base 15) to base 7.
-53
What is 6 (base 8) in base 12?
6
13 (base 7) to base 9
11
Convert 0 (base 13) to base 7.
0
Convert 22 (base 9) to base 6.
32
What is -22 (base 7) in base 8?
-20
What is -103 (base 5) in base 15?
-1d
What is f (base 16) in base 12?
13
What is 1122 (base 3) in base 9?
48
What is -110101 (base 2) in base 10?
-53
-9 (base 13) to base 5
-14
What is 5 (base 8) in base 2?
101
230 (base 6) to base 9
110
Convert -30 (base 10) to base 7.
-42
Convert -7 (base 10) to base 9.
-7
What is 0 (base 14) in base 6?
0
Convert 2 (base 8) to base 7.
2
Convert -5d (base 15) to base 11.
-80
What is -50 (base 11) in base 12?
-47
-5 (base 13) to base 6
-5
What is 3 (base 9) in base 14?
3
What is -56 (base 8) in base 7?
-64
What is 2 (base 9) in base 12?
2
What is -19 (base 13) in base 5?
-42
21 (base 4) to base 8
11
Convert -31 (base 4) to base 7.
-16
-24 (base 9) to base 13
-19
Convert -3 (base 14) to base 11.
-3
3 (base 15) to base 8
3
-2 (base 14) to base 4
-2
Convert -9e (base 15) to base 11.
-126
-47 (base 8) to base 10
-39
5 (base 7) to base 15
5
Convert 14 (base 8) to base 5.
22
What is 0 (base 16) in base 13?
0
What is 55 (base 8) in base 10?
45
1000101 (base 2) to base 12
59
What is 22 (base 14) in base 3?
1010
-3 (base 14) to base 9
-3
24 (base 9) to base 13
19
What is 6 (base 9) in base 13?
6
Convert 2 (base 4) to base 2.
10
Convert 61 (base 12) to base 10.
73
What is 3303 (base 4) in base 2?
11110011
Convert 2 (base 12) to base 4.
2
What is -2 (base 15) in base 16?
-2
What is 4 (base 5) in base 4?
10
Convert 2 (base 10) to base 2.
10
Convert d (base 16) to base 2.
1101
Convert -7 (base 14) to base 6.
-11
Convert 1 (base 13) to base 10.
1
What is 1b0 (base 13) in base 16?
138
-5 (base 12) to base 11
-5
What is 43 (base 12) in base 8?
63
Convert 10230 (base 4) to base 5.
2200
What is -18 (base 14) in base 12?
-1a
What is 11 (base 5) in base 9?
6
1 (base 15) to base 11
1
What is 3 (base 7) in base 12?
3
What is -12 (base 6) in base 7?
-11
What is -31 (base 9) in base 12?
-24
Convert 0 (base 12) to base 10.
0
Convert -6 (base 10) to base 2.
-110
Convert 4 (base 11) to base 16.
4
What is -2b (base 13) in base 11?
-34
Convert -b (base 14) to base 16.
-b
Convert 1 (base 4) to base 10.
1
Convert -11111000 (base 2) to base 9.
-305
-5 (base 7) to base 3
-12
Convert 13 (base 10) to base 4.
31
What is 2 (base 13) in base 10?
2
Convert -9 (base 14) to base 2.
-1001
What is 0 (base 7) in base 8?
0
What is 5 (base 6) in base 13?
5
What is 120 (base 3) in base 12?
13
What is -1 (base 3) in base 9?
-1
What is -112 (base 8) in base 10?
-74
What is 4 (base 7) in base 5?
4
-b (base 15) to base 6
-15
4 (base 7) to base 16
4
Convert 3 (base 13) to base 2.
11
What is -11 (base 4) in base 11?
-5
Convert 4 (base 13) to base 12.
4
What is -1120 (base 3) in base 11?
-39
Convert 14 (base 12) to base 9.
17
What is -9 (base 16) in base 9?
-10
What is -21 (base 11) in base 12?
-1b
-30 (base 11) to base 14
-25
What is -1022 (base 4) in base 9?
-82
Convert 1 (base 7) to base 4.
1
What is 2 (base 6) in base 5?
2
What is 2 (base 14) in base 15?
2
-9 (base 13) to base 3
-100
What is 66 (base 7) in base 6?
120
18 (base 9) to base 16
11
What is -5 (base 11) in base 2?
-101
Convert -1 (base 11) to base 7.
-1
b (base 14) to base 6
15
-3 (base 13) to base 6
-3
-89 (base 10) to base 16
-59
What is 7 (base 12) in base 5?
12
Convert -2 (base 8) to base 11.
-2
What is -11110 (base 2) in base 5?
-110
Convert 0 (base 4) to base 11.
0
-1 (base 4) to base 3
-1
2 (base 8) to base 14
2
What is -211 (base 3) in base 6?
-34
Convert 15 (base 8) to base 10.
13
What is 15 (base 10) in base 16?
f
13 (base 4) to base 15
7
-100 (base 11) to base 13
-94
-1111110 (base 2) to base 11
-105
Convert 38 (base 10) to base 9.
42
6 (base 9) to base 5
11
Convert -7 (base 15) to base 3.
-21
1a (base 11) to base 2
10101
Convert 10a (base 16) to base 12.
1a2
What is -14 (base 15) in base 4?
-103
Convert 24 (base 9) to base 11.
20
Convert 5 (base 16) to base 4.
11
-21 (base 12) to base 6
-41
What is 5 (base 10) in base 4?
11
-6 (base 9) to base 10
-6
What is 66 (base 16) in base 6?
250
Convert 10 (base 8) to base 13.
8
What is 1224 (base 5) in base 9?
230
110 (base 2) to base 15
6
4 (base 6) to base 11
4
Convert 2 (base 7) to base 10.
2
Convert 4 (base 9) to base 15.
4
What is 8 (base 14) in base 12?
8
-10 (base 3) to base 8
-3
-19 (base 16) to base 3
-221
What is -61 (base 12) in base 13?
-58
Convert 22 (base 13) to base 8.
34
Convert 22 (base 9) to base 3.
202
What is 2 (base 5) in base 12?
2
What is -63 (base 15) in base 5?
-333
-122 (base 6) to base 9
-55
Convert 14 (base 12) to base 14.
12
Convert -2 (base 13) to base 11.
-2
What is 1 (base 9) in base 5?
1
-2f (base 16) to base 15
-32
What is -22 (base 3) in base 16?
-8
Convert 2 (base 3) to base 15.
2
Convert 10 (base 7) to base 2.
111
Convert -13 (base 9) to base 10.
-12
Convert -103 (base 5) to base 9.
-31
What is -4 (base 11) in base 12?
-4
3 